 147. Is s composite?
False
Let g = 10 + -8. Let h be (1 + g/2)*4. Suppose z - 29 - h = 0. Is z a composite number?
False
Suppose -8*a - 264 = 24. Let n be -91 + 3/6*0. Let o = a - n. Is o a composite number?
True
Suppose y + 4*j = -4, 4*y + y - 18 = -j. Suppose -s = 4*s - 50. Let i = s + y. Is i prime?
False
Let p = 9985 + -6941. Let n = 1635 - -520. Let h = p - n. Is h composite?
True
Is (2 - -56733) + 30/(-105)*14 prime?
True
Let h(m) = -58*m + 12. Let j be h(20). Let p = 1005 - j. Is p a prime number?
True
Suppose 0 = 4*w - 16 - 44. Suppose 10*u + 1355 = w*u. Is u a composite number?
False
Suppose -447 = 6*o + 279. Let j = o + 270. Is j a composite number?
False
Suppose y + 0 = 8. Let w(k) = 38*k**2 + 5*k - 1. Is w(y) a prime number?
False
Suppose 328 = -3*u - 167. Let x be 1377/(-11) - 30/u. Let s = 288 + x. Is s composite?
False
Let b(k) = -k**2 + 3*k - 17. Let o(c) = -c**2 + 2*c - 16. Let f be (-1)/(0 + -1) - -2. Let m(j) = f*o(j) - 4*b(j). Is m(9) a prime number?
True
Suppose 5*u + 28 = -4*t + 84, 5*t = 20. Suppose 0 = 2*w - 4 + u. Is 139 + (4 - (-4)/w) prime?
False
Suppose -27*x = -24*x - 5*k - 8309, 5*x + k - 13867 = 0. Is x composite?
True
Suppose 9*a - 1905 = 4*a. Suppose -5*t = -j - 1887, t + 0*j - a = 2*j. Is t a prime number?
False
Is 14515*8/120*3 a prime number?
True
Let q = -26 + 26. Suppose -2*h + 436 + 72 = q. Let f = h + -177. Is f a prime number?
False
Suppose 0 = -5*l + 4*l + 13. Suppose 3*d + l - 1 = 0. Is 258/d*2/(-3) a prime number?
True
Let p(u) = -u**3 - 10*u**2 + 5. Let i be p(-10). Suppose x = 2*z + 276, i*x - 5*z + 673 = 2048. Is x a composite number?
True
Let x(p) = 59*p**2 - 17*p - 63. Is x(-10) a composite number?
False
Suppose 2*h + 6*c = 5*c + 3667, -h - 3*c + 1841 = 0. Suppose -512 - h = -4*n. Is n a composite number?
True
Let n be ((-24)/(-20))/(6/(-20)). Let x be (n/(-5))/(10/25). Suppose 0 = -5*i + b + 640, -x*i + 3*b = 4*b - 249. Is i composite?
False
Suppose -207984 = -31*o + 52819. Is o a composite number?
True
Suppose 8*h = 3*d + 3*h - 1744, -2*h - 2302 = -4*d. Suppose 2*v - 5*v = -d. Is v a prime number?
True
Let f be 0/1*(-6)/12. Suppose 0 = 4*v + 2*l - 48, 4*v + 3*l + 4 - 56 = f. Is (-2 + -4)/((-4)/v) a prime number?
False
Suppose -107*m = -5*h - 103*m + 340705, h - 68141 = m. Is h a prime number?
True
Let c = 15525 - -8608. Is c a composite number?
False
Let k be (2/(-6))/(18/(-108)). Suppose k*w + 27 + 1459 = 0. Let f = w + 1188. Is f a composite number?
True
Let t = 9132 + -5435. Is t a composite number?
False
Suppose 0 = 2*n + w - 20120, n = -8*w + 3*w + 10051. Is n a composite number?
False
Let i(m) = 36*m**2 + 4*m + 7. Is i(-9) a prime number?
True
Let l(q) = -593*q + 26. Let r be l(-13). Suppose -3*k - 2*i = -r, k - 4*i = 1127 + 1456. Is k prime?
True
Let a(y) = 10*y**2 - 15*y - 33. Is a(12) composite?
True
Suppose 3 = 5*u - 17. Suppose -7*v + u*v = -132. Is (v/(-10))/(1/(-5)) a composite number?
True
Suppose -b - 2*b = 0. Let k = b + 0. Suppose 3*n + 107 = 2*r, -4*r - 2*n + 62 + 160 = k. Is r composite?
True
Let z(d) = -2431*d + 29 - 3 - 10. Is z(-3) prime?
True
Suppose 2*q - 48 = -2*q. Suppose 3*o + q = 6*o. Is 2/o - 1625/(-10) a composite number?
False
Let w be 2 + (-11)/(-4) + 2/8. Suppose -3*g - 2*g + 160 = -w*l, 210 = 5*g + 5*l. Is g a composite number?
False
Let n(o) = 11*o**3 + o**2 + o - 5. Let j be n(5). Let f = -875 + j. Suppose -109 - f = -2*k. Is k a prime number?
True
Suppose 6 = 2*m - 5*l, 2*l = -m + 3*l + 3. Suppose 855 - 33 = m*t. Let s = 523 - t. Is s prime?
False
Suppose -2*n + 2*d + 2494 = 5*d, -3*n + 3747 = 3*d. Let r = 3920 - n. Let p = r - 1496. Is p prime?
True
Let y(i) = 162*i**2 - 26*i + 271. Is y(9) prime?
True
Let i = 5640 - 2321. Is i a composite number?
False
Suppose 10889 = 5*c - 726. Is c prime?
False
Is 418/(-33)*444/(-8) a composite number?
True
Suppose 0 = 203*h - 221*h + 140526. Is h prime?
False
Let b(x) = 38*x**2 + 13*x - 11. Let i be b(-9). Suppose -6*k + 4166 = -i. Is k a prime number?
False
Let k(y) = -3*y**3 - 13*y**2 + 14*y + 26. Let l be k(-12). Let q = -1449 + l. Is q composite?
False
Is (222634/6)/((-32)/(-96)) composite?
False
Let r(w) = 2318*w + 131. Is r(9) a composite number?
True
Let l(u) = 78*u**2 + 6*u + 17. Let h(t) = t**3 + 5*t**2 + 8*t + 3. Let p be h(-3). Is l(p) prime?
True
Suppose z - 9967 = -7*h + 4*h, z - h = 9959. Is z prime?
False
Suppose -123452 = -9*p - 19*p. Is p prime?
True
Let y = 7 - 3. Suppose y*d - 316 = -0*d. Is d a composite number?
False
Suppose -18*c - 6 = 12. Is -11*(5 + 581)/(2/c) a prime number?
False
Suppose 2*k + 2*n = 103696, 3*k = 5*k - 2*n - 103716. Is k a composite number?
False
Suppose -8*v + 39868 = -4*v. Is v a composite number?
False
Let t(k) = 3*k + 4. Let j be t(0). Suppose -2*q - 10125 = -3*q + j*m, -5*q = 5*m - 50650. Is q a prime number?
False
Suppose -1 - 15 = -2*p - 2*b, 22 = 2*p + 5*b. Suppose -p = -3*t, t = 3*j + 2*j + 2. Suppose 5*r + 0*n = -3*n + 1970, r + 3*n - 382 = j. Is r a prime number?
True
Let s = -4504 - -6465. Is s a composite number?
True
Suppose 0 = -2*f + 4*w - 28, 4*f - 2*w + 47 = -3*w. Let z be 20/(-25) + f/(-15). Suppose -3*g + 452 - 5 = z. Is g composite?
False
Let w be 5/1 + -1 + 0. Suppose 0 = -w*t + 4*s + 36, 4*s - 5 = -21. Let m(k) = k**3 - 5*k**2 + k + 6. Is m(t) a prime number?
True
Let i(f) = 3*f - 4. Let z be i(3). Suppose 917 = z*a + 22. Is a a prime number?
True
Suppose -4*l = l, -j - 2*l + 815 = 0. Is j composite?
True
Let i(b) = 57*b**2 - 7*b - 33. Is i(11) a composite number?
True
Let l(f) = -2*f + 8. Let p be l(7). Is (-60 + 1)*3*p/18 composite?
False
Suppose 3*l - 58919 + 5048 = 0. Is l a prime number?
True
Suppose -2*g + 2725 = 2*g - 3*u, 3*g + 4*u - 2075 = 0. Suppose g = 5*i + 4*z, -z = 2*i + i - 404. Is i prime?
False
Let i(v) be the second derivative of -1/20*v**5 - v + 0 - 7/6*v**3 - v**4 - 17/2*v**2. Is i(-12) a composite number?
False
Suppose 4*r - 2*b - 4010 = 0, 3*b + b - 4028 = -4*r. Suppose -3*k + r = k. Is k prime?
True
Let g(f) = 1611*f + 1051. Is g(8) composite?
True
Suppose 1736 = 2*j - 3*f - 45, 0 = -2*j + 5*f + 1783. Suppose 0*n - 893 = -r - 3*n, 0 = r + 5*n - j. Is r composite?
True
Let l(y) = -212*y - 767. Is l(-68) a composite number?
False
Let g = 18171 - 11110. Is g a composite number?
True
Let m = -4742 - -12889. Is m composite?
False
Is -11 + 2 - -4 - -4626 prime?
True
Suppose 2*y + 132 = -4*z, -3*y = -z - 31 - 9. Let p = z - -37. Suppose -2*r - 2412 + 892 = -2*w, r + 2282 = p*w. Is w composite?
False
Suppose 0 = -5*s + 12*s + 28. Is 1 + -5 + (s - -300) + 3 a prime number?
False
Is ((-2)/4)/(4264335/852870 + -5) a composite number?
False
Let s = -1 - -2. Let p = s - -4. Suppose -201 = -p*z - 36. Is z prime?
False
Suppose 4*q + k + 249 = 0, -q + 7*k - 2*k = 78. Let h be (-2)/9 + (-203)/q. Suppose -306 - 159 = -h*l. Is l prime?
False
Suppose -9*n = -206888 - 116671. Is n a prime number?
True
Suppose -2 + 56 = 6*t. Let v be (t/6)/((-12)/(-7624)). Is 8/20 - v/(-5) a composite number?
False
Suppose 5*g = -2*h - 8 - 2, -4*h + 10 = -5*g. Suppose h*p = -p. Suppose 4*m = -p*m + 1448. Is m a composite number?
True
Let a(g) = -2*g - 6. Let u be a(-5). Suppose 2*b + 772 = u*b. Let z = b + -267. Is z a prime number?
False
Let f be 212/7 - (-2)/(-7). Suppose 26*b = f*b - 1804. Is b composite?
True
Let h = 27 - 25. Suppose 4*k - h*k - 278 = 0. Is k a prime number?
True
Suppose 0 = 4*m - z + 5 - 32, 3*m + z - 29 = 0. Is ((-17684)/8)/((-4)/m) composite?
False
Let k = -23 - -25. Let w(i) = 4*i**3 - 3*i**2 + i - k*i**3 + 5*i**2. Is w(5) a prime number?
False
Let x = -50 - -57. Suppose 0*c - 8729 = -x*c. Is c prime?
False
Is 20/(-25) + (-3)/(60/(-536)) a composite number?
True
Let t be 10/50 - (-229)/5. Let b = -27 + t. Let r = 12 + b. Is r a prime number?
True
Suppose 0*c = 4*c. Suppose c = 5*t - 33 + 8. Suppose 443 = 5*r + t*h - 92, -3*r + 2*h = -331. Is r prime?
True
Let f(p) = -p + 3. Let l(y) = -y**2 - 3*y + 9. Let k(m) = 8*f(m) - 3*l(m). Is k(-3) a composite number?
True
Suppose 3*g - 5*k + 89 = 0, -2*k = -4*g - 6*k - 108. Let y = 0 - g. Suppose -y - 15 = -a. Is a prime?
True
Suppose -3*o = -10 + 1. Suppose 5*r + o*h = 799 - 147, h = -r + 130. Is r a composite number?
False
Suppose -5 = -5*j + 2*j - h, 4*j = -h + 5. Let q(w) = -w**2 + w + 4. Let l 